{"id":114,"date":"2009-04-22T14:41:22","date_gmt":"2009-04-22T13:41:22","guid":{"rendered":"http:\/\/dream-explorer.com\/sanjanje-wp\/2009\/04\/22\/politika-zasebnosti\/"},"modified":"2016-06-12T20:37:01","modified_gmt":"2016-06-12T19:37:01","slug":"politika-zasebnosti","status":"publish","type":"page","link":"https:\/\/dream-explorer.com\/sanjanje\/politika-zasebnosti\/","title":{"rendered":"Politika zasebnosti"},"content":{"rendered":"<p style=\"text-align: justify;\">Ta politika zasebnosti opredeljuje, kako spletna stran <strong>Umetnost Sanjanja<\/strong> uporablja in varuje osebne informacije, ki jih posredujete spletni strani, ko jo uporabljate.<\/p>\n<h5 style=\"text-align: justify;\"><strong>Pi\u0161kotki<\/strong><\/h5>\n<p style=\"text-align: justify;\">Spletna stran uporablja pi\u0161kotke za sledenje informacij o uporabnikih. Ti podatki vklju\u010dujejo datum\/uro obiska, ogledane strani in naro\u010dene proizvode. Dodatne informacije o pi\u0161kotkih: <strong><a title=\"Spletni pi\u0161kotki\" href=\"http:\/\/www.dream-explorer.com\/sanjanje\/spletni-piskotki\" target=\"_blank\">link<\/a><\/strong><\/p>\n<p style=\"text-align: justify;\">Ostali podatki, ki jih lahko zbiramo<\/p>\n<p style=\"text-align: justify;\">Spletna stran lahko zabele\u017ei va\u0161 IP naslov za pomo\u010d pri diagnosticiranju te\u017eav s spletnim stre\u017enikom in za administriranje spletne strani. Ti podatki se primarno uporabljajo za splo\u0161no spremljanje prometa in varnost.<\/p>\n<p style=\"text-align: justify;\">Zbiramo lahko tudi naslednje podatke:<\/p>\n<ul style=\"text-align: justify;\">\n<li>va\u0161e ime;<\/li>\n<li>kontaktne infromacije, vklju\u010dno z elektronskim naslovom;<\/li>\n<li>druge informacije, vezane na storitve spletne strani.<\/li>\n<\/ul>\n<p style=\"text-align: justify;\">Kaj po\u010dnemo z zbranimi informacijami<\/p>\n<p style=\"text-align: justify;\">Te informacije potrebujemo za razumevanje va\u0161ih potreb in zagotavljanje kvalitetnej\u0161e storitve, z naslednjimi razlogi:<\/p>\n<ul style=\"text-align: justify;\">\n<li>za lastne evidence;<\/li>\n<li>zbrane informacije lahko uporabimo za izbolj\u0161anje produktov in storitev;<\/li>\n<li>ob\u010dasno vam lahko posredujemo promocijska sporo\u010dila z obvestili o novih produktih, posebnih ponudbah in druge informacije, za katere smatramo, da vas utegnejo zanimati, na elektronski naslov, ki ste ga posredovali;<\/li>\n<li>ob\u010dasno vas lahko kontaktiramo tudi za izvedbo marketin\u0161kih raziskav, pridobljene informacije pa lahko uporabimo za izbolj\u0161anje spletne strani, produktov in storitev.<\/li>\n<\/ul>\n<h5 style=\"text-align: justify;\"><strong>Nadzor osebnih podatkov<\/strong><\/h5>\n<p style=\"text-align: justify;\">Zbiranje zasebnih podatkov in njihovo uporabo lahko lahko omejite na slede\u010de na\u010dine:<\/p>\n<ul style=\"text-align: justify;\">\n<li>ko spletni obrazec od vas zahteva vnos podatkov, poi\u0161\u010dite polje v katerem ozna\u010dite, da ne \u017eelite, da va\u0161e podatke kdo uporabi za namene ogla\u0161evanja;<\/li>\n<li>\u010de ste se predhodno strinjali z uporabo svojih osebnih informacij za namene ogla\u0161evanja, a ste si premislili, nam to sporo\u010dite s po\u0161iljanjem elektronskega sporo\u010dila na <strong><a href=\"mailto:sanjanje@dream-explorer.com\" target=\"_blank\">sanjanje@dream-explorer.com<\/a><\/strong><\/li>\n<\/ul>\n<p style=\"text-align: justify;\">\u010ce menite, da so va\u0161i podatki, ki jih posedujemo, nepravilni ali nepopolni, nas o tem prosim \u010dim prej obvestite po elektronski po\u0161ti <a href=\"mailto:sanjanje@dream-explorer.com\" target=\"_blank\"><strong>sanjanje@dream-explorer.com<\/strong><\/a>. V najkraj\u0161em \u010dasu bomo podatke posodobili in odpravili nepravilnosti.<\/p>\n<h5 style=\"text-align: justify;\"><strong>Varnost<\/strong><\/h5>\n<p style=\"text-align: justify;\">Spletna stran se zavezuje k varovanju va\u0161ih zasebnih podatkov. V primeru, ko spletna stran zahteva vnos va\u0161ih osenih podatkov, s pomo\u010djo katerih ste lahko identificirani pri uporabi spletne strani, vam zagotavljamo, da so ti podatki namenjeni izklju\u010dno uporabi, opisani v tej izjavi.<\/p>\n<p style=\"text-align: justify;\">Prizadevamo si zagotoviti varnost va\u0161ih podatkov. Z namenom prepre\u010devanja nepoobla\u0161\u010denega dostopa ali razkritja sku\u0161amo zagotovili vse potrebno za varovanje informacij, pridobljenih preko spletne strani.<\/p>\n<p style=\"text-align: justify;\">Va\u0161ih osebnih podatkov ne bomo prodali, posredovali ali oddali tretjim osebam, razen \u010de imamo za to va\u0161e dovoljenje ali pa je za to utemeljena zakonska podlaga. Va\u0161e osebne podatke lahko uporabimo za po\u0161iljanje promocijskih informacij tretje strani, za katere menimo, da vas utegnejo zanimati, \u010de nam sporo\u010dite, da vas to zanima.<\/p>\n<h5 style=\"text-align: justify;\">Zunanje povezave<\/h5>\n<p style=\"text-align: justify;\">Spletna stran lahko vsebuje povezave na zunanje spletne strani s podobno vsebino. Ko enkrat uporabite te povezave ali zapustite na\u0161o stran, upo\u0161tevajte, da nimamo nadzora nad vsebino in\/ali politiko zasebnosti te strani, zato ne moremo biti odgovorni za varnost in zasebnost katerihkoli informacij, ki jih posredujete takim stranem. Za dodatne informacije preverite politiko zasebnosti obiskane spletne strani.<\/p>\n<h5 style=\"text-align: justify;\">Javni forum<\/h5>\n<p style=\"text-align: justify;\">Spletna stran obiskovalcem nudi dostop do javnega foruma in povezavo na Facebook. Prosim, upo\u0161tevajte, da so informacije, ki jih razkrijete na tak\u0161nih mestih, postale javne informacije, zato presodite o tem, katere informacije \u017eelite deliti z drugimi.<\/p>\n<p style=\"text-align: justify;\">Spletna stran lahko ob\u010dasno spremeni to izjavo s posodobitvijo te strani (\u010dlanka). O spremembah boste obve\u0161\u010deni preko te spletne strani.<\/p>\n<p style=\"text-align: justify;\"><strong>Zadnja posodobitev:<\/strong> 12. 06. 2016<\/p>\n","protected":false},"excerpt":{"rendered":"<p>Ta politika zasebnosti opredeljuje, kako spletna stran Umetnost Sanjanja uporablja in varuje osebne informacije, ki jih posredujete spletni strani, ko jo uporabljate. Pi\u0161kotki Spletna stran uporablja pi\u0161kotke za sledenje informacij o uporabnikih. Ti podatki vklju\u010dujejo datum\/uro obiska, ogledane strani in&#8230;<br \/><a class=\"read-more-button\" href=\"https:\/\/dream-explorer.com\/sanjanje\/politika-zasebnosti\/\">Read more<\/a><\/p>\n","protected":false},"author":1,"featured_media":0,"parent":0,"menu_order":0,"comment_status":"closed","ping_status":"closed","template":"","meta":{"_mi_skip_tracking":false,"_monsterinsights_sitenote_active":false,"_monsterinsights_sitenote_note":"","_monsterinsights_sitenote_category":0,"footnotes":""},"class_list":["post-114","page","type-page","status-publish","hentry"],"yoast_head":"<!-- This site is optimized with the Yoast SEO plugin v21.1 - https:\/\/yoast.com\/wordpress\/plugins\/seo\/ -->\n<title>Politika zasebnosti - Umetnost Sanjanja<\/title>\n<meta name=\"robots\" content=\"index, follow, max-snippet:-1, max-image-preview:large, max-video-preview:-1\" \/>\n<meta property=\"og:locale\" content=\"en_US\" \/>\n<meta property=\"og:type\" content=\"article\" \/>\n<meta property=\"og:title\" content=\"Politika zasebnosti - Umetnost Sanjanja\" \/>\n<meta property=\"og:description\" content=\"Ta politika zasebnosti opredeljuje, kako spletna stran Umetnost Sanjanja uporablja in varuje osebne informacije, ki jih posredujete spletni strani, ko jo uporabljate. Pi\u0161kotki Spletna stran uporablja pi\u0161kotke za sledenje informacij o uporabnikih. Ti podatki vklju\u010dujejo datum\/uro obiska, ogledane strani in...Read more\" \/>\n<meta property=\"og:url\" content=\"https:\/\/dream-explorer.com\/sanjanje\/politika-zasebnosti\/\" \/>\n<meta property=\"og:site_name\" content=\"Umetnost Sanjanja\" \/>\n<meta property=\"article:publisher\" content=\"https:\/\/www.facebook.com\/UmetnostSanjanja\/\" \/>\n<meta property=\"article:modified_time\" content=\"2016-06-12T19:37:01+00:00\" \/>\n<meta name=\"twitter:card\" content=\"summary_large_image\" \/>\n<meta name=\"twitter:label1\" content=\"Est. reading time\" \/>\n\t<meta name=\"twitter:data1\" content=\"3 minutes\" \/>\n<script type=\"application\/ld+json\" class=\"yoast-schema-graph\">{\"@context\":\"https:\/\/schema.org\",\"@graph\":[{\"@type\":\"WebPage\",\"@id\":\"https:\/\/dream-explorer.com\/sanjanje\/politika-zasebnosti\/\",\"url\":\"https:\/\/dream-explorer.com\/sanjanje\/politika-zasebnosti\/\",\"name\":\"Politika zasebnosti - Umetnost Sanjanja\",\"isPartOf\":{\"@id\":\"https:\/\/dream-explorer.com\/sanjanje\/#website\"},\"datePublished\":\"2009-04-22T13:41:22+00:00\",\"dateModified\":\"2016-06-12T19:37:01+00:00\",\"breadcrumb\":{\"@id\":\"https:\/\/dream-explorer.com\/sanjanje\/politika-zasebnosti\/#breadcrumb\"},\"inLanguage\":\"en-US\",\"potentialAction\":[{\"@type\":\"ReadAction\",\"target\":[\"https:\/\/dream-explorer.com\/sanjanje\/politika-zasebnosti\/\"]}]},{\"@type\":\"BreadcrumbList\",\"@id\":\"https:\/\/dream-explorer.com\/sanjanje\/politika-zasebnosti\/#breadcrumb\",\"itemListElement\":[{\"@type\":\"ListItem\",\"position\":1,\"name\":\"Home\",\"item\":\"https:\/\/dream-explorer.com\/sanjanje\/\"},{\"@type\":\"ListItem\",\"position\":2,\"name\":\"Politika zasebnosti\"}]},{\"@type\":\"WebSite\",\"@id\":\"https:\/\/dream-explorer.com\/sanjanje\/#website\",\"url\":\"https:\/\/dream-explorer.com\/sanjanje\/\",\"name\":\"Umetnost Sanjanja\",\"description\":\"Umetnost Sanjanja - Zavestno sanjanje - Od pasivnega opazovalca do aktivnega raziskovalca\",\"potentialAction\":[{\"@type\":\"SearchAction\",\"target\":{\"@type\":\"EntryPoint\",\"urlTemplate\":\"https:\/\/dream-explorer.com\/sanjanje\/?s={search_term_string}\"},\"query-input\":\"required name=search_term_string\"}],\"inLanguage\":\"en-US\"}]}<\/script>\n<!-- \/ Yoast SEO plugin. -->","yoast_head_json":{"title":"Politika zasebnosti - Umetnost Sanjanja","robots":{"index":"index","follow":"follow","max-snippet":"max-snippet:-1","max-image-preview":"max-image-preview:large","max-video-preview":"max-video-preview:-1"},"og_locale":"en_US","og_type":"article","og_title":"Politika zasebnosti - Umetnost Sanjanja","og_description":"Ta politika zasebnosti opredeljuje, kako spletna stran Umetnost Sanjanja uporablja in varuje osebne informacije, ki jih posredujete spletni strani, ko jo uporabljate. Pi\u0161kotki Spletna stran uporablja pi\u0161kotke za sledenje informacij o uporabnikih. Ti podatki vklju\u010dujejo datum\/uro obiska, ogledane strani in...Read more","og_url":"https:\/\/dream-explorer.com\/sanjanje\/politika-zasebnosti\/","og_site_name":"Umetnost Sanjanja","article_publisher":"https:\/\/www.facebook.com\/UmetnostSanjanja\/","article_modified_time":"2016-06-12T19:37:01+00:00","twitter_card":"summary_large_image","twitter_misc":{"Est. reading time":"3 minutes"},"schema":{"@context":"https:\/\/schema.org","@graph":[{"@type":"WebPage","@id":"https:\/\/dream-explorer.com\/sanjanje\/politika-zasebnosti\/","url":"https:\/\/dream-explorer.com\/sanjanje\/politika-zasebnosti\/","name":"Politika zasebnosti - Umetnost Sanjanja","isPartOf":{"@id":"https:\/\/dream-explorer.com\/sanjanje\/#website"},"datePublished":"2009-04-22T13:41:22+00:00","dateModified":"2016-06-12T19:37:01+00:00","breadcrumb":{"@id":"https:\/\/dream-explorer.com\/sanjanje\/politika-zasebnosti\/#breadcrumb"},"inLanguage":"en-US","potentialAction":[{"@type":"ReadAction","target":["https:\/\/dream-explorer.com\/sanjanje\/politika-zasebnosti\/"]}]},{"@type":"BreadcrumbList","@id":"https:\/\/dream-explorer.com\/sanjanje\/politika-zasebnosti\/#breadcrumb","itemListElement":[{"@type":"ListItem","position":1,"name":"Home","item":"https:\/\/dream-explorer.com\/sanjanje\/"},{"@type":"ListItem","position":2,"name":"Politika zasebnosti"}]},{"@type":"WebSite","@id":"https:\/\/dream-explorer.com\/sanjanje\/#website","url":"https:\/\/dream-explorer.com\/sanjanje\/","name":"Umetnost Sanjanja","description":"Umetnost Sanjanja - Zavestno sanjanje - Od pasivnega opazovalca do aktivnega raziskovalca","potentialAction":[{"@type":"SearchAction","target":{"@type":"EntryPoint","urlTemplate":"https:\/\/dream-explorer.com\/sanjanje\/?s={search_term_string}"},"query-input":"required name=search_term_string"}],"inLanguage":"en-US"}]}},"_links":{"self":[{"href":"https:\/\/dream-explorer.com\/sanjanje\/wp-json\/wp\/v2\/pages\/114","targetHints":{"allow":["GET"]}}],"collection":[{"href":"https:\/\/dream-explorer.com\/sanjanje\/wp-json\/wp\/v2\/pages"}],"about":[{"href":"https:\/\/dream-explorer.com\/sanjanje\/wp-json\/wp\/v2\/types\/page"}],"author":[{"embeddable":true,"href":"https:\/\/dream-explorer.com\/sanjanje\/wp-json\/wp\/v2\/users\/1"}],"replies":[{"embeddable":true,"href":"https:\/\/dream-explorer.com\/sanjanje\/wp-json\/wp\/v2\/comments?post=114"}],"version-history":[{"count":0,"href":"https:\/\/dream-explorer.com\/sanjanje\/wp-json\/wp\/v2\/pages\/114\/revisions"}],"wp:attachment":[{"href":"https:\/\/dream-explorer.com\/sanjanje\/wp-json\/wp\/v2\/media?parent=114"}],"curies":[{"name":"wp","href":"https:\/\/api.w.org\/{rel}","templated":true}]}}