{"id":1714,"date":"2018-06-19T11:15:47","date_gmt":"2018-06-19T10:15:47","guid":{"rendered":"https:\/\/dream-explorer.com\/sanjanje\/?page_id=1714"},"modified":"2020-12-29T09:06:23","modified_gmt":"2020-12-29T08:06:23","slug":"inkubator-sanj-prijavnica","status":"publish","type":"page","link":"https:\/\/dream-explorer.com\/sanjanje\/inkubator-sanj-prijavnica\/","title":{"rendered":"Inkubator Sanj &#8211; Prijavnica"},"content":{"rendered":"<p style=\"text-align: justify;\"><strong>Pogoji sodelovanja<\/strong><\/p>\n<p style=\"text-align: justify;\">\u2022 Prispevek za udele\u017ebo zna\u0161a 350 \u20ac (za zgodnje prijave pred 1. 1. 2021 pa z 10-odstotnim popustom <strong>315 \u20ac<\/strong>) in vklju\u010duje<br \/>\n&#8211; organizacijo in izvedbo desetih sre\u010danj, ki bodo potekala enkrat tedensko preko aplikacije Zoom in bodo trajala pribli\u017eno dve \u0161olski uri (90 minut)<br \/>\n&#8211; sodelovanje v skriti skupini na Facebook-u, kjer vam bo na voljo dodatna podpora med samim programom in tudi po njem<br \/>\n&#8211; e-knjigo \u201cVrata Sanjanja\u201d<br \/>\n&#8211; dodatno gradivo in materiale za samostojno prakticiranje lucidnega sanjanja ter dodatno darilce, ki vam bo v pomo\u010d pri va\u0161em delu s sanjami<\/p>\n<p style=\"text-align: justify;\">\u2022 Svoje mesto si zagotovite z vpla\u010dilom akontacije v vi\u0161ini 75 \u20ac (podatke za pla\u010dilo boste prejeli na mail). Razliko v vi\u0161ini 275 \u20ac (oziroma zmanj\u0161ano za morebitne popuste) v celoti poravnate pred prvim Zoom sre\u010danjem.<\/p>\n<p style=\"text-align: justify;\">\u2022 V primeru odpovedi va\u0161e udele\u017ebe se akontacija\u00a0<strong>NE vra\u010da<\/strong>.<\/p>\n<p style=\"text-align: justify;\">\u2022 To\u010den termin bo razpisan po zapolnitvi prostih mest oziroma ko se prijavi vsaj 5 kandidatov.<\/p>\n<p style=\"text-align: center;\"><div class=\"wpforms-container wpforms-container-full\" id=\"wpforms-1711\"><form id=\"wpforms-form-1711\" class=\"wpforms-validate wpforms-form\" data-formid=\"1711\" method=\"post\" enctype=\"multipart\/form-data\" action=\"\/sanjanje\/wp-json\/wp\/v2\/pages\/1714\" data-token=\"6df42b3bc37c9491d0b3a40bbcc2fb63\"><noscript class=\"wpforms-error-noscript\">Please enable JavaScript in your browser to complete this form.<\/noscript><div class=\"wpforms-field-container\"><div id=\"wpforms-1711-field_6-container\" class=\"wpforms-field wpforms-field-name\" data-field-id=\"6\"><label class=\"wpforms-field-label\" for=\"wpforms-1711-field_6\">Va\u0161i podatki <span class=\"wpforms-required-label\">*<\/span><\/label><div class=\"wpforms-field-row wpforms-field-medium\"><div class=\"wpforms-field-row-block wpforms-first wpforms-one-half\"><input type=\"text\" id=\"wpforms-1711-field_6\" class=\"wpforms-field-name-first wpforms-field-required\" name=\"wpforms[fields][6][first]\" placeholder=\"Ime\" required><label for=\"wpforms-1711-field_6\" class=\"wpforms-field-sublabel after wpforms-sublabel-hide\">First<\/label><\/div><div class=\"wpforms-field-row-block wpforms-one-half\"><input type=\"text\" id=\"wpforms-1711-field_6-last\" class=\"wpforms-field-name-last wpforms-field-required\" name=\"wpforms[fields][6][last]\" placeholder=\"Priimek\" required><label for=\"wpforms-1711-field_6-last\" class=\"wpforms-field-sublabel after wpforms-sublabel-hide\">Last<\/label><\/div><\/div><\/div><div id=\"wpforms-1711-field_7-container\" class=\"wpforms-field wpforms-field-email\" data-field-id=\"7\"><label class=\"wpforms-field-label\" for=\"wpforms-1711-field_7\">Email <span class=\"wpforms-required-label\">*<\/span><\/label><input type=\"email\" id=\"wpforms-1711-field_7\" class=\"wpforms-field-medium wpforms-field-required\" name=\"wpforms[fields][7]\" spellcheck=\"false\" required><\/div><div id=\"wpforms-1711-field_10-container\" class=\"wpforms-field wpforms-field-checkbox wpforms-list-inline\" data-field-id=\"10\"><label class=\"wpforms-field-label wpforms-label-hide\" for=\"wpforms-1711-field_10\">Pogoji sodelovanja <span class=\"wpforms-required-label\">*<\/span><\/label><ul id=\"wpforms-1711-field_10\" class=\"wpforms-field-required\"><li class=\"choice-1 depth-1\"><input type=\"checkbox\" id=\"wpforms-1711-field_10_1\" name=\"wpforms[fields][10][]\" value=\"Sprejemam pogoje sodelovanja in se prijavljam na Inkubator Sanj.\" required ><label class=\"wpforms-field-label-inline\" for=\"wpforms-1711-field_10_1\">Sprejemam pogoje sodelovanja in se prijavljam na Inkubator Sanj.<\/label><\/li><\/ul><\/div><div id=\"wpforms-1711-field_12-container\" class=\"wpforms-field wpforms-field-mailchimp\" data-field-id=\"12\"><ul id=\"\" class=\"\"><li class=\"choice-0 depth-1\"><input type=\"checkbox\" id=\"wpforms-1711-field_12_0\" name=\"wpforms[fields][12]\" value=\"1\"  ><label class=\"wpforms-field-label-inline\" for=\"wpforms-1711-field_12_0\">\u017delim prejemati obvestila preko spletne strani Umetnost Sanjanja.<\/label><\/li><\/ul><\/div><div id=\"wpforms-1711-field_11-container\" class=\"wpforms-field wpforms-field-gdpr-checkbox\" data-field-id=\"11\"><label class=\"wpforms-field-label\" for=\"wpforms-1711-field_11\">Soglasje GDPR <span class=\"wpforms-required-label\">*<\/span><\/label><ul id=\"wpforms-1711-field_11\" class=\"wpforms-field-required\"><li class=\"choice-1\"><input type=\"checkbox\" id=\"wpforms-1711-field_11_1\" name=\"wpforms[fields][11][]\" value=\"Sogla\u0161am, da skrbnik spletne strani Umetnost Sanjanja shrani posredovane podatke in me obve\u0161\u010da o nadaljnjem poteku prijave na dogodek.\" required ><label class=\"wpforms-field-label-inline\" for=\"wpforms-1711-field_11_1\">Sogla\u0161am, da skrbnik spletne strani Umetnost Sanjanja shrani posredovane podatke in me obve\u0161\u010da o nadaljnjem poteku prijave na dogodek.<\/label><\/li><\/ul><\/div><\/div><!-- .wpforms-field-container --><div class=\"wpforms-field wpforms-field-hp\"><label for=\"wpforms-1711-field-hp\" class=\"wpforms-field-label\">Message<\/label><input type=\"text\" name=\"wpforms[hp]\" id=\"wpforms-1711-field-hp\" class=\"wpforms-field-medium\"><\/div><div class=\"wpforms-submit-container\" ><input type=\"hidden\" name=\"wpforms[id]\" value=\"1711\"><input type=\"hidden\" name=\"wpforms[author]\" value=\"1\"><button type=\"submit\" name=\"wpforms[submit]\" id=\"wpforms-submit-1711\" class=\"wpforms-submit\" data-alt-text=\"Po\u0161iljanje...\" data-submit-text=\"PRIJAVI ME!\" aria-live=\"assertive\" value=\"wpforms-submit\">PRIJAVI ME!<\/button><\/div><\/form><\/div>  <!-- .wpforms-container -->\n","protected":false},"excerpt":{"rendered":"<p>Pogoji sodelovanja \u2022 Prispevek za udele\u017ebo zna\u0161a 350 \u20ac (za zgodnje prijave pred 1. 1. 2021 pa z 10-odstotnim popustom 315 \u20ac) in vklju\u010duje &#8211; organizacijo in izvedbo desetih sre\u010danj, ki bodo potekala enkrat tedensko preko aplikacije Zoom in bodo&#8230;<br \/><a class=\"read-more-button\" href=\"https:\/\/dream-explorer.com\/sanjanje\/inkubator-sanj-prijavnica\/\">Read more<\/a><\/p>\n","protected":false},"author":1,"featured_media":0,"parent":0,"menu_order":0,"comment_status":"closed","ping_status":"closed","template":"","meta":{"_mi_skip_tracking":false,"_monsterinsights_sitenote_active":false,"_monsterinsights_sitenote_note":"","_monsterinsights_sitenote_category":0,"footnotes":""},"class_list":["post-1714","page","type-page","status-publish","hentry"],"yoast_head":"<!-- This site is optimized with the Yoast SEO plugin v21.1 - https:\/\/yoast.com\/wordpress\/plugins\/seo\/ -->\n<title>Inkubator Sanj - Prijavnica - Umetnost Sanjanja<\/title>\n<meta name=\"robots\" content=\"index, follow, max-snippet:-1, max-image-preview:large, max-video-preview:-1\" \/>\n<meta property=\"og:locale\" content=\"en_US\" \/>\n<meta property=\"og:type\" content=\"article\" \/>\n<meta property=\"og:title\" content=\"Inkubator Sanj - Prijavnica - Umetnost Sanjanja\" \/>\n<meta property=\"og:description\" content=\"Pogoji sodelovanja \u2022 Prispevek za udele\u017ebo zna\u0161a 350 \u20ac (za zgodnje prijave pred 1. 1. 2021 pa z 10-odstotnim popustom 315 \u20ac) in vklju\u010duje &#8211; organizacijo in izvedbo desetih sre\u010danj, ki bodo potekala enkrat tedensko preko aplikacije Zoom in bodo...Read more\" \/>\n<meta property=\"og:url\" content=\"https:\/\/dream-explorer.com\/sanjanje\/inkubator-sanj-prijavnica\/\" \/>\n<meta property=\"og:site_name\" content=\"Umetnost Sanjanja\" \/>\n<meta property=\"article:publisher\" content=\"https:\/\/www.facebook.com\/UmetnostSanjanja\/\" \/>\n<meta property=\"article:modified_time\" content=\"2020-12-29T08:06:23+00:00\" \/>\n<meta name=\"twitter:card\" content=\"summary_large_image\" \/>\n<meta name=\"twitter:label1\" content=\"Est. reading time\" \/>\n\t<meta name=\"twitter:data1\" content=\"1 minute\" \/>\n<script type=\"application\/ld+json\" class=\"yoast-schema-graph\">{\"@context\":\"https:\/\/schema.org\",\"@graph\":[{\"@type\":\"WebPage\",\"@id\":\"https:\/\/dream-explorer.com\/sanjanje\/inkubator-sanj-prijavnica\/\",\"url\":\"https:\/\/dream-explorer.com\/sanjanje\/inkubator-sanj-prijavnica\/\",\"name\":\"Inkubator Sanj - Prijavnica - Umetnost Sanjanja\",\"isPartOf\":{\"@id\":\"https:\/\/dream-explorer.com\/sanjanje\/#website\"},\"datePublished\":\"2018-06-19T10:15:47+00:00\",\"dateModified\":\"2020-12-29T08:06:23+00:00\",\"breadcrumb\":{\"@id\":\"https:\/\/dream-explorer.com\/sanjanje\/inkubator-sanj-prijavnica\/#breadcrumb\"},\"inLanguage\":\"en-US\",\"potentialAction\":[{\"@type\":\"ReadAction\",\"target\":[\"https:\/\/dream-explorer.com\/sanjanje\/inkubator-sanj-prijavnica\/\"]}]},{\"@type\":\"BreadcrumbList\",\"@id\":\"https:\/\/dream-explorer.com\/sanjanje\/inkubator-sanj-prijavnica\/#breadcrumb\",\"itemListElement\":[{\"@type\":\"ListItem\",\"position\":1,\"name\":\"Home\",\"item\":\"https:\/\/dream-explorer.com\/sanjanje\/\"},{\"@type\":\"ListItem\",\"position\":2,\"name\":\"Inkubator Sanj &#8211; Prijavnica\"}]},{\"@type\":\"WebSite\",\"@id\":\"https:\/\/dream-explorer.com\/sanjanje\/#website\",\"url\":\"https:\/\/dream-explorer.com\/sanjanje\/\",\"name\":\"Umetnost Sanjanja\",\"description\":\"Umetnost Sanjanja - Zavestno sanjanje - Od pasivnega opazovalca do aktivnega raziskovalca\",\"potentialAction\":[{\"@type\":\"SearchAction\",\"target\":{\"@type\":\"EntryPoint\",\"urlTemplate\":\"https:\/\/dream-explorer.com\/sanjanje\/?s={search_term_string}\"},\"query-input\":\"required name=search_term_string\"}],\"inLanguage\":\"en-US\"}]}<\/script>\n<!-- \/ Yoast SEO plugin. -->","yoast_head_json":{"title":"Inkubator Sanj - Prijavnica - Umetnost Sanjanja","robots":{"index":"index","follow":"follow","max-snippet":"max-snippet:-1","max-image-preview":"max-image-preview:large","max-video-preview":"max-video-preview:-1"},"og_locale":"en_US","og_type":"article","og_title":"Inkubator Sanj - Prijavnica - Umetnost Sanjanja","og_description":"Pogoji sodelovanja \u2022 Prispevek za udele\u017ebo zna\u0161a 350 \u20ac (za zgodnje prijave pred 1. 1. 2021 pa z 10-odstotnim popustom 315 \u20ac) in vklju\u010duje &#8211; organizacijo in izvedbo desetih sre\u010danj, ki bodo potekala enkrat tedensko preko aplikacije Zoom in bodo...Read more","og_url":"https:\/\/dream-explorer.com\/sanjanje\/inkubator-sanj-prijavnica\/","og_site_name":"Umetnost Sanjanja","article_publisher":"https:\/\/www.facebook.com\/UmetnostSanjanja\/","article_modified_time":"2020-12-29T08:06:23+00:00","twitter_card":"summary_large_image","twitter_misc":{"Est. reading time":"1 minute"},"schema":{"@context":"https:\/\/schema.org","@graph":[{"@type":"WebPage","@id":"https:\/\/dream-explorer.com\/sanjanje\/inkubator-sanj-prijavnica\/","url":"https:\/\/dream-explorer.com\/sanjanje\/inkubator-sanj-prijavnica\/","name":"Inkubator Sanj - Prijavnica - Umetnost Sanjanja","isPartOf":{"@id":"https:\/\/dream-explorer.com\/sanjanje\/#website"},"datePublished":"2018-06-19T10:15:47+00:00","dateModified":"2020-12-29T08:06:23+00:00","breadcrumb":{"@id":"https:\/\/dream-explorer.com\/sanjanje\/inkubator-sanj-prijavnica\/#breadcrumb"},"inLanguage":"en-US","potentialAction":[{"@type":"ReadAction","target":["https:\/\/dream-explorer.com\/sanjanje\/inkubator-sanj-prijavnica\/"]}]},{"@type":"BreadcrumbList","@id":"https:\/\/dream-explorer.com\/sanjanje\/inkubator-sanj-prijavnica\/#breadcrumb","itemListElement":[{"@type":"ListItem","position":1,"name":"Home","item":"https:\/\/dream-explorer.com\/sanjanje\/"},{"@type":"ListItem","position":2,"name":"Inkubator Sanj &#8211; Prijavnica"}]},{"@type":"WebSite","@id":"https:\/\/dream-explorer.com\/sanjanje\/#website","url":"https:\/\/dream-explorer.com\/sanjanje\/","name":"Umetnost Sanjanja","description":"Umetnost Sanjanja - Zavestno sanjanje - Od pasivnega opazovalca do aktivnega raziskovalca","potentialAction":[{"@type":"SearchAction","target":{"@type":"EntryPoint","urlTemplate":"https:\/\/dream-explorer.com\/sanjanje\/?s={search_term_string}"},"query-input":"required name=search_term_string"}],"inLanguage":"en-US"}]}},"_links":{"self":[{"href":"https:\/\/dream-explorer.com\/sanjanje\/wp-json\/wp\/v2\/pages\/1714","targetHints":{"allow":["GET"]}}],"collection":[{"href":"https:\/\/dream-explorer.com\/sanjanje\/wp-json\/wp\/v2\/pages"}],"about":[{"href":"https:\/\/dream-explorer.com\/sanjanje\/wp-json\/wp\/v2\/types\/page"}],"author":[{"embeddable":true,"href":"https:\/\/dream-explorer.com\/sanjanje\/wp-json\/wp\/v2\/users\/1"}],"replies":[{"embeddable":true,"href":"https:\/\/dream-explorer.com\/sanjanje\/wp-json\/wp\/v2\/comments?post=1714"}],"version-history":[{"count":4,"href":"https:\/\/dream-explorer.com\/sanjanje\/wp-json\/wp\/v2\/pages\/1714\/revisions"}],"predecessor-version":[{"id":1958,"href":"https:\/\/dream-explorer.com\/sanjanje\/wp-json\/wp\/v2\/pages\/1714\/revisions\/1958"}],"wp:attachment":[{"href":"https:\/\/dream-explorer.com\/sanjanje\/wp-json\/wp\/v2\/media?parent=1714"}],"curies":[{"name":"wp","href":"https:\/\/api.w.org\/{rel}","templated":true}]}}