{"id":66,"date":"2011-08-11T08:23:04","date_gmt":"2011-08-11T07:23:04","guid":{"rendered":"http:\/\/dream-explorer.com\/sanjanje-wp\/2011\/08\/11\/silenecapensis\/"},"modified":"2016-02-14T12:31:51","modified_gmt":"2016-02-14T11:31:51","slug":"silene-capensis","status":"publish","type":"page","link":"https:\/\/dream-explorer.com\/sanjanje\/pripomocki\/silene-capensis\/","title":{"rendered":"Silene capensis"},"content":{"rendered":"<p style=\"text-align: justify;\"><span style=\"font-size: small;\"><span style=\"font-family: verdana,geneva;\"><img loading=\"lazy\" decoding=\"async\" class=\" alignleft size-full wp-image-65\" style=\"margin: 0px 8px 0px 0px; float: left;\" src=\"http:\/\/dream-explorer.com\/sanjanje\/wp-content\/uploads\/2011\/08\/silene_capensis.jpg\" alt=\"silene capensis\" width=\"200\" height=\"150\" \/><\/span><\/span><strong>Silene capensis<\/strong> (\u201cAfrican Dream Root\u201d) izvira iz pore\u010dij Ju\u017ene Afrike in med plemenom Xhosa velja za sveto rastlino. Tamkaj\u0161nji \u0161amani jo tradicionalno uporabljajo kot pripomo\u010dek pri divinaciji in komunikaciji s predniki, prav tako pa slu\u017ei kot pomo\u010d pri spro\u017eanju intenzivnih, v\u010dasih prero\u0161kih in zavestnih sanj.<\/p>\n<p style=\"text-align: justify;\"><span style=\"text-decoration: underline;\">U\u010dinki<\/span><\/p>\n<p style=\"text-align: justify;\">S. capensis u\u010dinkuje \u017ee v relativno majhnih odmerkih. Priporo\u010dene aktivne doze so med 250 in 500 mg, v ve\u010djih koli\u010dinah pa lahko pride do sicer ne\u0161kodljivih, a neprijetnih purgativnih u\u010dinkov. Alkaloidi, ki jih korenina vsebuje, po telesu potujejo po\u010dasi, zato so u\u010dinki na budnost minimalni, toliko bolj intenziven pa je njihov vpliv na sanje &#8211; te so izrazito \u017eive, povezane in ob bujenju zlahka zapomnljive.<\/p>\n<p style=\"text-align: justify;\"><span style=\"text-decoration: underline;\">Uporaba<\/span><\/p>\n<p style=\"text-align: justify;\">Tradicionalno se jo pripravlja na dva na\u010dina. Po prvem na\u010dinu v pol skodelice (pribli\u017eno 1 dl) vode vsujemo pol \u010dajne \u017eli\u010dke v droben pra\u0161ek zdrobljenih korenin in dobro preme\u0161amo. Napitek izpijemo ob bujenju na prazen \u017eelodec, nato pa s hrano po\u010dakamo, dokler se nam apetit ne povrne. Druga mo\u017enost je priprava goste pene &#8211; kopasto \u017elico zdrobljene korenine vsujemo v pol litra vode in me\u0161amo, dokler ne nastane gosta pena. To pijemo do ob\u010dutka \u201cnapihnjenosti \u201d, nato gremo spat.<\/p>\n<p style=\"text-align: justify;\">Alternativna metoda za pripravo pene: 750 ml (ali ve\u010djo) steklenico do \u010detrtine napolnimo z vodo in vanjo stresemo 1 g pra\u0161ka. Steklenico nekaj minut krepko tresemo, nato pa peno iztisnemo iz nje. Preostanek lahko hranimo v hladilnik za naslednji dan, ko steklenico ponovno pretresemo in odstranimo peno za zau\u017eitje. Po nekaj dneh se me\u0161anica neha peniti; takrat lahko dodamo \u0161e en gram, ali pa postopek za\u010dnemo znova.<\/p>\n<p style=\"text-align: justify;\">Najenostavnej\u0161i na\u010din u\u017eivanja pa je zagotovo \u017eve\u010denje posu\u0161enih koreninic &#8211; 250 do 500 mg koreninic temeljito pre\u017eve\u010dimo in na koncu pojemo. Ko se koreninice navla\u017eijo, postanejo rahlo grenkobnega okusa.<\/p>\n<p style=\"text-align: justify;\"><span style=\"text-decoration: underline;\">Dodatne informacije<\/span><\/p>\n<p style=\"text-align: justify;\">&#8211; <a href=\"http:\/\/www.shaman-australis.com\/forum\/index.php?showtopic=18639&amp;st=0\">http:\/\/www.shaman-australis.com\/forum\/index.php?showtopic=18639&amp;st=0<\/a><\/p>\n<p style=\"text-align: justify;\">&#8211; <a href=\"http:\/\/www.dreamviews.com\/community\/showthread.php?t=67642\">http:\/\/www.dreamviews.com\/community\/showthread.php?t=67642<\/a><\/p>\n","protected":false},"excerpt":{"rendered":"<p>Silene capensis (\u201cAfrican Dream Root\u201d) izvira iz pore\u010dij Ju\u017ene Afrike in med plemenom Xhosa velja za sveto rastlino. Tamkaj\u0161nji \u0161amani jo tradicionalno uporabljajo kot pripomo\u010dek pri divinaciji in komunikaciji s predniki, prav tako pa slu\u017ei kot pomo\u010d pri spro\u017eanju intenzivnih,&#8230;<br \/><a class=\"read-more-button\" href=\"https:\/\/dream-explorer.com\/sanjanje\/pripomocki\/silene-capensis\/\">Read more<\/a><\/p>\n<div class='the_champ_sharing_container the_champ_vertical_sharing the_champ_hide_sharing the_champ_bottom_sharing' style='width:49px;left: -10px;top: 100px;-webkit-box-shadow:none;box-shadow:none;' data-super-socializer-href=\"https:\/\/dream-explorer.com\/sanjanje\/wp-json\/wp\/v2\/pages\/66\"><div class=\"the_champ_sharing_ul\"><a aria-label=\"Facebook\" class=\"the_champ_facebook\" href=\"https:\/\/www.facebook.com\/sharer\/sharer.php?u=https%3A%2F%2Fdream-explorer.com%2Fsanjanje%2Fwp-json%2Fwp%2Fv2%2Fpages%2F66\" title=\"Facebook\" rel=\"nofollow noopener\" target=\"_blank\" style=\"font-size:24px!important;box-shadow:none;display:inline-block;vertical-align:middle\"><span class=\"the_champ_svg\" style=\"background-color:#3c589a;width:45px;height:45px;margin:0;display:inline-block;opacity:1;float:left;font-size:24px;box-shadow:none;display:inline-block;font-size:16px;padding:0 4px;vertical-align:middle;background-repeat:repeat;overflow:hidden;padding:0;cursor:pointer;box-sizing:content-box\"><span class=\"the_champ_square_count the_champ_facebook_count\">&nbsp;<\/span><svg style=\"display:block;\" focusable=\"false\" aria-hidden=\"true\" xmlns=\"http:\/\/www.w3.org\/2000\/svg\" width=\"100%\" height=\"100%\" viewBox=\"-5 -5 42 42\"><path d=\"M17.78 27.5V17.008h3.522l.527-4.09h-4.05v-2.61c0-1.182.33-1.99 2.023-1.99h2.166V4.66c-.375-.05-1.66-.16-3.155-.16-3.123 0-5.26 1.905-5.26 5.405v3.016h-3.53v4.09h3.53V27.5h4.223z\" fill=\"#fff\"><\/path><\/svg><\/span><\/a><a aria-label=\"Twitter\" class=\"the_champ_button_twitter\" href=\"https:\/\/twitter.com\/intent\/tweet?text=Umetnost%20Sanjanja%20-%20Umetnost%20Sanjanja%20-%20Zavestno%20sanjanje%20-%20Od%20pasivnega%20opazovalca%20do%20aktivnega%20raziskovalca&url=https%3A%2F%2Fdream-explorer.com%2Fsanjanje%2Fwp-json%2Fwp%2Fv2%2Fpages%2F66\" title=\"Twitter\" rel=\"nofollow noopener\" target=\"_blank\" style=\"font-size:24px!important;box-shadow:none;display:inline-block;vertical-align:middle\"><span class=\"the_champ_svg the_champ_s__default the_champ_s_twitter\" style=\"background-color:#55acee;width:45px;height:45px;margin:0;display:inline-block;opacity:1;float:left;font-size:24px;box-shadow:none;display:inline-block;font-size:16px;padding:0 4px;vertical-align:middle;background-repeat:repeat;overflow:hidden;padding:0;cursor:pointer;box-sizing:content-box\"><span class=\"the_champ_square_count the_champ_twitter_count\">&nbsp;<\/span><svg style=\"display:block;\" focusable=\"false\" aria-hidden=\"true\" xmlns=\"http:\/\/www.w3.org\/2000\/svg\" width=\"100%\" height=\"100%\" viewBox=\"-4 -4 39 39\"><path d=\"M28 8.557a9.913 9.913 0 0 1-2.828.775 4.93 4.93 0 0 0 2.166-2.725 9.738 9.738 0 0 1-3.13 1.194 4.92 4.92 0 0 0-3.593-1.55 4.924 4.924 0 0 0-4.794 6.049c-4.09-.21-7.72-2.17-10.15-5.15a4.942 4.942 0 0 0-.665 2.477c0 1.71.87 3.214 2.19 4.1a4.968 4.968 0 0 1-2.23-.616v.06c0 2.39 1.7 4.38 3.952 4.83-.414.115-.85.174-1.297.174-.318 0-.626-.03-.928-.086a4.935 4.935 0 0 0 4.6 3.42 9.893 9.893 0 0 1-6.114 2.107c-.398 0-.79-.023-1.175-.068a13.953 13.953 0 0 0 7.55 2.213c9.056 0 14.01-7.507 14.01-14.013 0-.213-.005-.426-.015-.637.96-.695 1.795-1.56 2.455-2.55z\" fill=\"#fff\"><\/path><\/svg><\/span><\/a><a aria-label=\"Linkedin\" class=\"the_champ_button_linkedin\" href=\"https:\/\/www.linkedin.com\/shareArticle?mini=true&url=https%3A%2F%2Fdream-explorer.com%2Fsanjanje%2Fwp-json%2Fwp%2Fv2%2Fpages%2F66&title=Umetnost%20Sanjanja%20-%20Umetnost%20Sanjanja%20-%20Zavestno%20sanjanje%20-%20Od%20pasivnega%20opazovalca%20do%20aktivnega%20raziskovalca\" title=\"Linkedin\" rel=\"nofollow noopener\" target=\"_blank\" style=\"font-size:24px!important;box-shadow:none;display:inline-block;vertical-align:middle\"><span class=\"the_champ_svg the_champ_s__default the_champ_s_linkedin\" style=\"background-color:#0077b5;width:45px;height:45px;margin:0;display:inline-block;opacity:1;float:left;font-size:24px;box-shadow:none;display:inline-block;font-size:16px;padding:0 4px;vertical-align:middle;background-repeat:repeat;overflow:hidden;padding:0;cursor:pointer;box-sizing:content-box\"><span class=\"the_champ_square_count the_champ_linkedin_count\">&nbsp;<\/span><svg style=\"display:block;\" focusable=\"false\" aria-hidden=\"true\" xmlns=\"http:\/\/www.w3.org\/2000\/svg\" width=\"100%\" height=\"100%\" viewBox=\"0 0 32 32\"><path d=\"M6.227 12.61h4.19v13.48h-4.19V12.61zm2.095-6.7a2.43 2.43 0 0 1 0 4.86c-1.344 0-2.428-1.09-2.428-2.43s1.084-2.43 2.428-2.43m4.72 6.7h4.02v1.84h.058c.56-1.058 1.927-2.176 3.965-2.176 4.238 0 5.02 2.792 5.02 6.42v7.395h-4.183v-6.56c0-1.564-.03-3.574-2.178-3.574-2.18 0-2.514 1.7-2.514 3.46v6.668h-4.187V12.61z\" fill=\"#fff\"><\/path><\/svg><\/span><\/a><a class=\"the_champ_more\" title=\"More\" rel=\"nofollow noopener\" style=\"font-size:24px!important;border:0;box-shadow:none;display:inline-block!important;font-size:16px;padding:0 4px;vertical-align: middle;display:inline;\" href=\"https:\/\/dream-explorer.com\/sanjanje\/wp-json\/wp\/v2\/pages\/66\" onclick=\"event.preventDefault()\"><span class=\"the_champ_square_count\">&nbsp;<\/span><span class=\"the_champ_svg\" style=\"background-color:#ee8e2d;width:45px;height:45px;margin:0;display:inline-block!important;opacity:1;float:left;font-size:32px!important;box-shadow:none;display:inline-block;font-size:16px;padding:0 4px;vertical-align:middle;display:inline;background-repeat:repeat;overflow:hidden;padding:0;cursor:pointer;box-sizing:content-box;\" onclick=\"theChampMoreSharingPopup(this, 'https:\/\/dream-explorer.com\/sanjanje\/wp-json\/wp\/v2\/pages\/66', 'Umetnost%20Sanjanja%20-%20Umetnost%20Sanjanja%20-%20Zavestno%20sanjanje%20-%20Od%20pasivnega%20opazovalca%20do%20aktivnega%20raziskovalca', '' )\"><svg xmlns=\"http:\/\/www.w3.org\/2000\/svg\" xmlns:xlink=\"http:\/\/www.w3.org\/1999\/xlink\" viewBox=\"-.3 0 32 32\" version=\"1.1\" width=\"100%\" height=\"100%\" style=\"display:block;\" xml:space=\"preserve\"><g><path fill=\"#fff\" d=\"M18 14V8h-4v6H8v4h6v6h4v-6h6v-4h-6z\" fill-rule=\"evenodd\"><\/path><\/g><\/svg><\/span><\/a><\/div><\/div>","protected":false},"author":1,"featured_media":65,"parent":16,"menu_order":0,"comment_status":"open","ping_status":"closed","template":"","meta":{"_mi_skip_tracking":false,"_monsterinsights_sitenote_active":false,"_monsterinsights_sitenote_note":"","_monsterinsights_sitenote_category":0,"footnotes":""},"class_list":["post-66","page","type-page","status-publish","has-post-thumbnail","hentry"],"yoast_head":"<!-- This site is optimized with the Yoast SEO plugin v21.1 - https:\/\/yoast.com\/wordpress\/plugins\/seo\/ -->\n<title>Silene capensis - Umetnost Sanjanja<\/title>\n<meta name=\"robots\" content=\"index, follow, max-snippet:-1, max-image-preview:large, max-video-preview:-1\" \/>\n<meta property=\"og:locale\" content=\"en_US\" \/>\n<meta property=\"og:type\" content=\"article\" \/>\n<meta property=\"og:title\" content=\"Silene capensis - Umetnost Sanjanja\" \/>\n<meta property=\"og:description\" content=\"Silene capensis (\u201cAfrican Dream Root\u201d) izvira iz pore\u010dij Ju\u017ene Afrike in med plemenom Xhosa velja za sveto rastlino. Tamkaj\u0161nji \u0161amani jo tradicionalno uporabljajo kot pripomo\u010dek pri divinaciji in komunikaciji s predniki, prav tako pa slu\u017ei kot pomo\u010d pri spro\u017eanju intenzivnih,...Read more\" \/>\n<meta property=\"og:url\" content=\"https:\/\/dream-explorer.com\/sanjanje\/pripomocki\/silene-capensis\/\" \/>\n<meta property=\"og:site_name\" content=\"Umetnost Sanjanja\" \/>\n<meta property=\"article:publisher\" content=\"https:\/\/www.facebook.com\/UmetnostSanjanja\/\" \/>\n<meta property=\"article:modified_time\" content=\"2016-02-14T11:31:51+00:00\" \/>\n<meta property=\"og:image\" content=\"https:\/\/dream-explorer.com\/sanjanje\/wp-content\/uploads\/2011\/08\/silene_capensis.jpg\" \/>\n\t<meta property=\"og:image:width\" content=\"200\" \/>\n\t<meta property=\"og:image:height\" content=\"150\" \/>\n\t<meta property=\"og:image:type\" content=\"image\/jpeg\" \/>\n<meta name=\"twitter:card\" content=\"summary_large_image\" \/>\n<meta name=\"twitter:label1\" content=\"Est. reading time\" \/>\n\t<meta name=\"twitter:data1\" content=\"2 minutes\" \/>\n<script type=\"application\/ld+json\" class=\"yoast-schema-graph\">{\"@context\":\"https:\/\/schema.org\",\"@graph\":[{\"@type\":\"WebPage\",\"@id\":\"https:\/\/dream-explorer.com\/sanjanje\/pripomocki\/silene-capensis\/\",\"url\":\"https:\/\/dream-explorer.com\/sanjanje\/pripomocki\/silene-capensis\/\",\"name\":\"Silene capensis - Umetnost Sanjanja\",\"isPartOf\":{\"@id\":\"https:\/\/dream-explorer.com\/sanjanje\/#website\"},\"datePublished\":\"2011-08-11T07:23:04+00:00\",\"dateModified\":\"2016-02-14T11:31:51+00:00\",\"breadcrumb\":{\"@id\":\"https:\/\/dream-explorer.com\/sanjanje\/pripomocki\/silene-capensis\/#breadcrumb\"},\"inLanguage\":\"en-US\",\"potentialAction\":[{\"@type\":\"ReadAction\",\"target\":[\"https:\/\/dream-explorer.com\/sanjanje\/pripomocki\/silene-capensis\/\"]}]},{\"@type\":\"BreadcrumbList\",\"@id\":\"https:\/\/dream-explorer.com\/sanjanje\/pripomocki\/silene-capensis\/#breadcrumb\",\"itemListElement\":[{\"@type\":\"ListItem\",\"position\":1,\"name\":\"Home\",\"item\":\"https:\/\/dream-explorer.com\/sanjanje\/\"},{\"@type\":\"ListItem\",\"position\":2,\"name\":\"Pripomo\u010dki za doseganje lucidnosti\",\"item\":\"https:\/\/dream-explorer.com\/sanjanje\/pripomocki\/\"},{\"@type\":\"ListItem\",\"position\":3,\"name\":\"Silene capensis\"}]},{\"@type\":\"WebSite\",\"@id\":\"https:\/\/dream-explorer.com\/sanjanje\/#website\",\"url\":\"https:\/\/dream-explorer.com\/sanjanje\/\",\"name\":\"Umetnost Sanjanja\",\"description\":\"Umetnost Sanjanja - Zavestno sanjanje - Od pasivnega opazovalca do aktivnega raziskovalca\",\"potentialAction\":[{\"@type\":\"SearchAction\",\"target\":{\"@type\":\"EntryPoint\",\"urlTemplate\":\"https:\/\/dream-explorer.com\/sanjanje\/?s={search_term_string}\"},\"query-input\":\"required name=search_term_string\"}],\"inLanguage\":\"en-US\"}]}<\/script>\n<!-- \/ Yoast SEO plugin. -->","yoast_head_json":{"title":"Silene capensis - Umetnost Sanjanja","robots":{"index":"index","follow":"follow","max-snippet":"max-snippet:-1","max-image-preview":"max-image-preview:large","max-video-preview":"max-video-preview:-1"},"og_locale":"en_US","og_type":"article","og_title":"Silene capensis - Umetnost Sanjanja","og_description":"Silene capensis (\u201cAfrican Dream Root\u201d) izvira iz pore\u010dij Ju\u017ene Afrike in med plemenom Xhosa velja za sveto rastlino. Tamkaj\u0161nji \u0161amani jo tradicionalno uporabljajo kot pripomo\u010dek pri divinaciji in komunikaciji s predniki, prav tako pa slu\u017ei kot pomo\u010d pri spro\u017eanju intenzivnih,...Read more","og_url":"https:\/\/dream-explorer.com\/sanjanje\/pripomocki\/silene-capensis\/","og_site_name":"Umetnost Sanjanja","article_publisher":"https:\/\/www.facebook.com\/UmetnostSanjanja\/","article_modified_time":"2016-02-14T11:31:51+00:00","og_image":[{"width":200,"height":150,"url":"https:\/\/dream-explorer.com\/sanjanje\/wp-content\/uploads\/2011\/08\/silene_capensis.jpg","type":"image\/jpeg"}],"twitter_card":"summary_large_image","twitter_misc":{"Est. reading time":"2 minutes"},"schema":{"@context":"https:\/\/schema.org","@graph":[{"@type":"WebPage","@id":"https:\/\/dream-explorer.com\/sanjanje\/pripomocki\/silene-capensis\/","url":"https:\/\/dream-explorer.com\/sanjanje\/pripomocki\/silene-capensis\/","name":"Silene capensis - Umetnost Sanjanja","isPartOf":{"@id":"https:\/\/dream-explorer.com\/sanjanje\/#website"},"datePublished":"2011-08-11T07:23:04+00:00","dateModified":"2016-02-14T11:31:51+00:00","breadcrumb":{"@id":"https:\/\/dream-explorer.com\/sanjanje\/pripomocki\/silene-capensis\/#breadcrumb"},"inLanguage":"en-US","potentialAction":[{"@type":"ReadAction","target":["https:\/\/dream-explorer.com\/sanjanje\/pripomocki\/silene-capensis\/"]}]},{"@type":"BreadcrumbList","@id":"https:\/\/dream-explorer.com\/sanjanje\/pripomocki\/silene-capensis\/#breadcrumb","itemListElement":[{"@type":"ListItem","position":1,"name":"Home","item":"https:\/\/dream-explorer.com\/sanjanje\/"},{"@type":"ListItem","position":2,"name":"Pripomo\u010dki za doseganje lucidnosti","item":"https:\/\/dream-explorer.com\/sanjanje\/pripomocki\/"},{"@type":"ListItem","position":3,"name":"Silene capensis"}]},{"@type":"WebSite","@id":"https:\/\/dream-explorer.com\/sanjanje\/#website","url":"https:\/\/dream-explorer.com\/sanjanje\/","name":"Umetnost Sanjanja","description":"Umetnost Sanjanja - Zavestno sanjanje - Od pasivnega opazovalca do aktivnega raziskovalca","potentialAction":[{"@type":"SearchAction","target":{"@type":"EntryPoint","urlTemplate":"https:\/\/dream-explorer.com\/sanjanje\/?s={search_term_string}"},"query-input":"required name=search_term_string"}],"inLanguage":"en-US"}]}},"_links":{"self":[{"href":"https:\/\/dream-explorer.com\/sanjanje\/wp-json\/wp\/v2\/pages\/66","targetHints":{"allow":["GET"]}}],"collection":[{"href":"https:\/\/dream-explorer.com\/sanjanje\/wp-json\/wp\/v2\/pages"}],"about":[{"href":"https:\/\/dream-explorer.com\/sanjanje\/wp-json\/wp\/v2\/types\/page"}],"author":[{"embeddable":true,"href":"https:\/\/dream-explorer.com\/sanjanje\/wp-json\/wp\/v2\/users\/1"}],"replies":[{"embeddable":true,"href":"https:\/\/dream-explorer.com\/sanjanje\/wp-json\/wp\/v2\/comments?post=66"}],"version-history":[{"count":0,"href":"https:\/\/dream-explorer.com\/sanjanje\/wp-json\/wp\/v2\/pages\/66\/revisions"}],"up":[{"embeddable":true,"href":"https:\/\/dream-explorer.com\/sanjanje\/wp-json\/wp\/v2\/pages\/16"}],"wp:featuredmedia":[{"embeddable":true,"href":"https:\/\/dream-explorer.com\/sanjanje\/wp-json\/wp\/v2\/media\/65"}],"wp:attachment":[{"href":"https:\/\/dream-explorer.com\/sanjanje\/wp-json\/wp\/v2\/media?parent=66"}],"curies":[{"name":"wp","href":"https:\/\/api.w.org\/{rel}","templated":true}]}}